f 19 + -20 - (0 + -1)?
0
What is the value of 5 + (-5 - -4) - 9?
-5
What is 6 + -1 + (-11 - (9 - 17))?
2
What is the value of 2 + 3 + -5 + -3?
-3
4 + -3 + -16 - -9
-6
Evaluate 0 + -2 + (-1 + 1 - -3).
1
-4 + 4 + -1 + (0 - 0)
-1
Calculate (3 - (1 - 0)) + (1 - 1).
2
What is 0 - (2 + -11 + 4) - 4?
1
What is 2 + (-4 - (-3 + -1 - 1))?
3
Calculate (4 + -8 + 2 - -9) + -3.
4
Calculate (0 - -3) + (-2 - (-13 - -11)).
3
Evaluate -8 + 5 + (5 - 2) + 2.
2
What is -9 + -8 + 14 - -1?
-2
What is the value of 1 - (-7 + -1 - -14)?
-5
Evaluate -2 - (-7 - -11) - (-1 - 6).
1
What is the value of -2 + 13 + (-8 - -3)?
6
Evaluate (1 - (3 + 1)) + 2 + -1.
-2
Calculate -25 - -24 - (-2 - -2).
-1
Calculate 9 + -1 + -7 - 6.
-5
0 + -16 + 176 + -163
-3
Calculate 8 + (-3 - (-2 - -3)).
4
What is the value of (9 + -11 - 2) + (3 - -1)?
0
-4 + 3 - (-18 + 12)
5
Evaluate (1 - (2 + 7)) + -6 + 7.
-7
Calculate (-15 - -8 - (-2 - 1)) + 9.
5
Evaluate -3 - -4 - (13 + -17).
5
Calculate 4 + -4 + 1 + 0 - -1.
2
Calculate 2 + 3 + -4 + -2 - -3.
2
Calculate -4 + (-2 - (-9 - -5)) + 0.
-2
What is -6 - (5 - (5 + 9))?
3
Calculate 2 - ((0 - 10) + 18).
-6
What is the value of (-2 - -1) + -4 + 13 + -7?
1
What is 2 - ((6 - -10) + -9)?
-5
What is the value of 3 - (1 + (-2 - -6))?
-2
What is (0 - -2) + -3 - -4 - -1?
4
What is (2 - 5) + 3 + 1?
1
(8 - -4) + -4 - 5
3
Calculate 8 + -1 - (-1 + -10 + 13).
5
What is (-18 - -9) + 11 + (3 - -1)?
6
Evaluate -9 - (-9 - (4 + 1)).
5
Calculate 0 + -7 + (1 - -4).
-2
Calculate (-7 - -16) + -12 - -5.
2
(2 - (5 + -6 + 7)) + -5
-9
Evaluate -10 + (-8 - -5) + 9.
-4
33 + -38 + -3 + -2 + 16
6
What is 6 + -6 + (3 - 2) + -4?
-3
What is -1 + (3 - -2) + (2 - 5)?
1
-5 + (6 - (6 + -1 + 0))
-4
Evaluate 1 + -4 - (138 + -149).
8
What is 4 + 0 + -2 + -1?
1
Calculate (1 - (0 + 2)) + (-2 - -1).
-2
What is the value of -5 + -1 + 2 + -1?
-5
What is the value of 3 - ((3 + -3 - -6) + 2)?
-5
Calculate 0 + 4 + (11 - 11).
4
Calculate (-3 - -8) + -14 - -13.
4
What is the value of (1 - 9) + (2 - -3)?
-3
Calculate -7 + (-6 - (-3 + -6)) - -10.
6
Evaluate 1 - (-4 - -11 - 13).
7
Evaluate -7 + (6 - (0 + 3 + -1)).
-3
What is the value of 10 - (-1 - 0 - -4) - 3?
4
What is the value of -2 + (10 + -16 - 0)?
-8
Evaluate (3 + -1 - 3) + -2.
-3
What is the value of (38 - 38) + (-1 - 3) - -10?
6
What is the value of (2 - 0) + -12 + 3 + 5?
-2
Evaluate 8 + -10 + -3 + -4 + 1.
-8
What is -3 + (-2 - -5) + 2 + -4?
-2
What is -17 - (-10 + -1 + 4)?
-10
What is the value of 7 + -13 + 17 + -4 + 2?
9
What is the value of 0 + 4 - 7 - (-2 + -4)?
3
What is (-5 - (3 + -8)) + 2?
2
Evaluate -40 + 43 - ((-1 - 1) + 5).
0
What is the value of 4 + (3 - 2) + 0 + 1?
6
Evaluate (-2 - -2) + (3 - -2 - 4).
1
-6 - (3 + -1 - 6)
-2
-3 - (3 - 1 - (2 - -7))
4
Calculate 8 + -14 + 15 + -12.
-3
Calculate -2 + 5 + 1 + -1.
3
Calculate (-15 + 3 - -6) + (-1 - -2).
-5
What is (-3 + 1 - (-6 - -4)) + -3?
-3
Calculate (6 - -3 - -6) + -5 + -1.
9
What is the value of 7 + -15 - (-6 + 1)?
-3
What is 5 - (5 - (0 + 1))?
1
1 - (2 + -5 - -2)
2
Evaluate (0 - (17 + -9)) + 10 + -1.
1
0 + -14 + 13 - (0 - 6)
5
10 - (-10 + 21 + 1)
-2
(1 - 4) + 12 - 4
5
What is the value of 1 + 5 + (-3 - 4)?
-1
What is -2 + -1 + 0 + 0?
-3
What is -2 + -3 + (4 - -1) + -6?
-6
What is 15 - (-11 + 23 + -1 + -4)?
8
Calculate -3 + 0 + 9 + -5 + 0.
1
1 + (0 - 5) + -1
-5
Calculate 5 - (4 + 3) - (1 + 1).
-4
12 - (1 + (-8 - -15))
4
Calculate 0 - (4 + -1 + -4 - 3).
4
What is the value of 2 + 3 + (4 - (-3 - -13))?
-1
What is 8 - (8 + 5 + 4)?
-9
18 - (3 + 4) - (-3 + 7)
7
What is the value of -3 - (-15 + 3) - 1?
8
What is -56 + 61 + (-9 - -2)?
-2
Calculate 0 - 1 - (-3 - -1 - 4).
5
Calculate (10 - (21 - 8)) + 10.
7
What is 7 + 6 - 24 - -8?
-3
Evaluate (-9 - -4) + (1 - 0).
-4
Calculate 16 - (0 - (-14 - -5)).
7
Calculate 2 + -2 - ((-3 - -7) + -7).
3
Calculate -2 + 0 + -1 + -127 + 124.
-6
What is 3 + (-12 - -5) + 1?
-3
What is 13 + 10 + -7 + -8 + 1?
9
What is the value of 7 + -2 - (3 - (-5 + 3))?
0
-2 + (10 - 5 - 6 - 6)
-9
What is the value of -14 - (-3 + -5 + -13)?
7
What is the value of 4 + 4 + -4 + -6?
-2
What is the value of 96 + -84 - (0 + 6)?
6
Calculate -4 + 3 - (3 + 1 + -4).
-1
What is -6 - (0 + 4 - (-1 + 8))?
-3
Evaluate -2 - (6 - 3) - (-6 - -4).
-3
What is the value of 5 - (2 + (1 - -1))?
1
What is the value of -7 + (-2 - -3) + 5?
-1
12 + (2 - 9) + 1
6
Evaluate 2 - -2 - (5 + -6 + 1).
4
Calculate 5 + -1 - (-2 - -1).
5
Calculate (-25 - -13 - (0 - -2)) + 6.
-8
Evaluate -4 + (6 - (-3 + 12)).
-7
What is the value of 9 + (-7 - (2 + -1))?
1
Evaluate 0 + 2 - (-4 + -1 - -1).
6
What is (-8 - -14 - 12) + 1 + -1?
-6
What is (0 - 0) + 3 - 2 - -3?
4
-13 - (7 + -13 - 2)
-5
Evaluate 6 - 6 - (1 + 0 + 0).
-1
Evaluate -8 - (-4 + (5 - (4 + -1))).
-6
Evaluate 4 + 0 - (0 + -2).
6
-3 - (-4 + -2 + 5 - 3)
1
Evaluate -5 + (8 - 9) + 0 + 3.
-3
0 + 1 + 0 + 27 + -24
4
What is the value of 6 + 3 + -7 + 7 + -7?
2
Evaluate 127 + -118 + 1 + -2.
8
Evaluate (17 - 14 - -10) + -14.
-1
What is the value of 2 + (-7 - -1) + 4?
0
Calculate 4 + 1 - (19 - 19).
5
What is the value of 0 - -3 - (146 - 146)?
3
What is the value of 2 + (3 - (6 + -6) - 3)?
2
11 + -3 + 12 + -11
9
Evaluate -8 + 1 - (-17 - -9).
1
What is 1 + (6 - 1) - 5 - -6?
7
Evaluate 0 - -1 - (-6 - -8 - 0).
-1
Evaluate -1 + 4 - (2 - 0).
1
What is the value of 60 + -65 - (-9 + -1 + 1)?
4
What is the value of 5 + -9 + (20 - 9)?
7
Evaluate 1 + (3 - (3 - (-2 - -6))).
5
1 + 7 + -6 - 0
2
What is 7 - (4 + 5 + -6)?
4
Evaluate 3 + -1 - 1 - (-9 - -13).
-3
Calculate (-6 - -8) + -8 - -2.
-4
Calculate (-6 - 2) + 4 + 4 - 4.
-4
Calculate 1 + 0 + (1 - 6).
-4
Calculate 4 + -6 + -4 + 13.
7
Evaluate 2 + -2 + -1 - (0 - -4).
-5
-6 - -3 - (1 - (7 - 5))
-2
What is the value of 4 + 2 - (9 - 5 - 0)?
2
Calculate -7 - -2 - (-8 - -3).
0
What is the value of 0 + -8 + 1 - -13?
6
Evaluate -9 + (-2 - 4) + 13.
-2
What is -9 + 7 + (0 - -2)?
0
What is 1 + 2 + -1 - -1 - 6?
-3
9 - 7 - (1 + -2 - 0)
3
Calculate 5 + -11 + (1 - -11).
6
Calculate 5 - (-5 + 4) - (0 - -1).
5
Calculate -12 - (-1 + -1) - (1 + -6).
-5
Evaluate -14 - (-13 + 20 - 25).
4
Calculate -3 + -2 - (13 + -20).
2
Calculate 0 - (-1 + 3 + 3 - 4).
-1
Evaluate 7 + (-4 - -1) + (4 - 6).
2
Calculate -1 + 4 + 3 + 5 + -3.
8
What is the value of 5 + -9 - -4 - (1 - -3)?
-4
Calculate 1 - (-2 - (-6 + 4)).
1
Evaluate (-8 + 16 - 7) + -4 + 1.
-2
What is the value of (-1 + -1 - (0 + -5)) + -3?
0
Calculate 86 - 82 - (4 + 0).
0
Calculate -3 - (-11 + 7 + -2).
3
What is -4 + (-1 + -2 - (5 - 9))?
-3
What is the value of 3 - -1 - 4 - -1?
1
What is (3 - (2 + 3 - -2)) + 2?
-2
10 + (-5 - -1) - (-1 - -9)
-2
What is the value of (-1 - -2) + (3 - -1) + -3?
2
What is -1 - (-5 - 0 - (3 - 2))?
5
Calculate 4 + -1 - -1 - 0.
4
Calculate 1 - (-2 + 1) - -2.
4
Calculate -12 - ((-14 - -13) + -18).
7
What is the value of 4 + -15 + -7 + 14 - -6?
2
Evaluate 1 - ((-8 - -4) + 4).
1
Calculate (1 - 1) + 89 + -93.
-4
Calculate -3 + (-4 + 0 - -5).
-2
-2 + -34 + 14 + 13
-9
What is 2 + 0 - (-1 + -2)?
5
-95 + 92 + (1 - (1 - 0))
-3
What is the value of -6 + 3 + 2 + 1?
0
What is -2 - (-6 - (5 - (9 - -6)))?
-6
Calculate -10 + (-1 - 3) + -3 + 9.
-8
1 - 5 - (21 + 2 + -29)
2
What is the value of -1 - (1 - 2 - (-1 + -2))?
-3
Evaluate (151 - 163) + (9 - 0).
-3
What is 2 + (0 - 4) - (1 + -5)?
2
-2 + ((0 - 3) + 2 - -2)
-1
What is 35 + -41 + 1 + 14?
9
What is the value of -5 + ((-12 - -3) + 5 - -8)?
-1
What is the value of -10 - -1 - (34 + -45)?
2
2 + (-3 - -2) + 2 + -3
0
What is the value of -3 - (-2 + (4 - (4 - 1)))?
-2
Calculate (-8 - 1) + (0 - -8).
-1
What is -7 - ((-3 - -7) + -10) - 1?
-2
Calculate 2 - (-2 + -1 + 0 - -3).
2
-2 - (2 + -5 + 6 + -7)
2
-2 + -2 + (-30 - -37)
3
What is the value of -7 - (-4 + 0) - (-10 + 13)?
-6
What is -2 - (0 + -1 - 1)?
0
What is the value of -2 - (6 + -5 + -2)?
-1
-7 - 0 - (-4 + -3) - 6
-6
Evaluate 2 - (-8 - (-16 + -2)).
-8
0 - (1 + 10 + -15)
4
What is the value of -6 + 8 + 6 + -4?
4
Evaluate 1 - (6 + 3 - 7).
-1
Calculate 0 + (5 - (6 + (7 - 13))).
5
Evaluate -2 + 0 + 5 + (-46 - -47).
4
Evaluate (7 - 0) + -18 - -11.
0
What is 2 - (8 + 8 + -7 + 2)?
-9
What is the value of (-75 - -78) + -7 + 2 + 0?
-2
Calculate 1 - (0 - -2) - 3.
-4
Calculate -1 + 2 + (-2 - -5) + 1.
5
Calculate 2 - (-3 + 0) - 2.
3
What is the value of (2 - -4 - 5) + -2?
-1
What is the value of (2 - 2) + (-4 - -